value of -7 + 2 - (11 + -6 + -8)?
-2
Evaluate (2 + (-1 - 4) - -1) + 6.
4
Calculate 16 + -5 + -5 + (2 - 10).
-2
What is the value of 5 + -4 + 0 - (4 - 1)?
-2
Evaluate 0 + -3 + (0 - -1) + -1.
-3
Calculate (0 - 6) + -17 + 21.
-2
What is the value of (-2 + 0 - (15 - 14)) + 7?
4
What is the value of -3 + -2 + (1 - (-5 + 3))?
-2
What is 0 - -1 - (0 + 2 - -1)?
-2
What is -7 - -3 - -4 - 8?
-8
Calculate 4 - (2 + 1 + -1).
2
What is the value of 0 - 5 - (-5 + -3)?
3
10 - (20 - 7) - (-2 + -1)
0
What is 1 + (-5 - (-10 - -5))?
1
Calculate 0 + -3 + -1 + 3 + 3.
2
Evaluate -4 + (0 - 0) + 8.
4
-4 - (2 - 6) - 1
-1
Evaluate 0 - (1 + 6 + (-44 - -37)).
0
What is (6 - (-5 - 2)) + -7?
6
Evaluate -2 - (6 - (2 + 3) - 5).
2
What is the value of (-3 - (5 - 2)) + 10?
4
What is the value of -1 - -7 - (10 - (18 + -10))?
4
Calculate -4 - -8 - 8 - 0.
-4
What is the value of (2 - (-2 - -4)) + (-2 - -1)?
-1
(-4 - 0) + -1 + 1
-4
What is -4 - (2 + -3 + 1)?
-4
(-8 - -8 - -5) + -4
1
What is 1 + -3 + 2 + -1 + 6?
5
What is the value of (-3 + 2 - 1) + (4 - 0)?
2
Calculate (9 - 8) + (-3 - -1 - -1).
0
Calculate (2 - 6 - -10) + 5 - 6.
5
8 - ((-3 - -1) + 5)
5
What is the value of 14 - (-2 + -4 + 12) - 5?
3
What is the value of -6 + -1 + 14 + -7?
0
What is (61 - 59) + 2 + (0 - 0)?
4
Calculate -1 + ((2 - -3) + -9 - -1).
-4
-1 - -6 - (14 + -8)
-1
-8 + (1 - -7 - 4 - 1)
-5
Calculate -3 - (-5 - -2) - -3 - 0.
3
Evaluate (1 - 4) + (-13 - -13) + 3.
0
2 + -1 - (85 + -86)
2
What is 10 - 1 - (1 - -2 - -2)?
4
Evaluate (-2 - 2) + -4 + (3 - -10).
5
Calculate (9 + -3 - (-10 + 15)) + -1.
0
Evaluate 1 + -1 - 0 - 1.
-1
Calculate -16 + 13 + -2 + 4.
-1
Evaluate 7 - (-5 + 13 + -5).
4
Evaluate (2 - -1) + -13 + 13.
3
What is 0 - -9 - 2 - (139 + -136)?
4
What is the value of 9 - 7 - (10 - -1 - 4)?
-5
Calculate (-1 + 3 - 4) + 2 + 4.
4
What is 4 - (1 - (-8 - -3))?
-2
What is the value of 1 + -4 + 4 + -1 - -1?
1
-5 - 3 - -8 - (-1 + 2)
-1
6 - (-6 + 9) - (4 + 2)
-3
What is 0 + 1 + (-10 - -5)?
-4
What is -1 + 11 + (174 - 189)?
-5
-6 - 3 - -4 - -9
4
Calculate -4 + (-2 - (-4 - 3)).
1
What is 13 - 6 - (4 + 1)?
2
What is the value of 7 - ((-7 - 0) + 9) - 8?
-3
What is the value of -6 + 7 + (-15 + 3 - -6)?
-5
Evaluate -8 - (-10 + -10 - -6).
6
Calculate -12 - ((-10 - -1) + 6).
-9
Evaluate (-7 - (-9 + 5)) + 1 + 2.
0
Calculate 2 + -2 - (-1 + -4 + 4).
1
Calculate -10 - -8 - (1 + -4).
1
(-1 - 11) + (160 - 138)
10
What is the value of 4 - (-12 + 19) - (0 - 4)?
1
Evaluate (4 - 3) + (3 - 7) - -4.
1
What is the value of 5 - (7 + (3 - 8) - 0)?
3
Evaluate (1 - (-3 + 4) - 2) + 4.
2
Calculate -2 - (-4 - (4 + -5)).
1
What is the value of 2 - (2 - 0) - -6?
6
What is (13 - (10 + -8)) + -14?
-3
-1 - (4 + 5 + -1 + -6)
-3
What is -1 + -2 + -2 + 1 + 2?
-2
Calculate -27 + 49 + -13 + -1.
8
Calculate 9 - (0 - -1 - -4).
4
-9 + (-6 - -11) - -7
3
What is 1 + -3 + 1 + -3?
-4
What is the value of (7 - 12) + 7 + -7?
-5
What is (-1 - 3) + (4 - 2)?
-2
Calculate 0 - (4 + (-1 - (0 - -4))).
1
What is the value of (1 - (5 + -1 + -7)) + 4?
8
Evaluate 0 + (-1 - -7 - 2 - 0).
4
(-3 - 3) + (-1 - -4)
-3
3 + (1 - 1) - (4 - -2)
-3
4 + 4 + (-5 - (-4 + 4))
3
Calculate (-9 - -6) + (7 - -1).
5
What is the value of 0 + -1 - (-45 + 41)?
3
What is the value of -1 + 1 + -15 + 9?
-6
Evaluate 5 + -3 + 4 + -6.
0
Evaluate (-2 - (7 + -5) - -3) + -5.
-6
What is the value of 4 - (-2 + 13 - 13)?
6
Evaluate 10 + 8 + -11 - 1.
6
Evaluate (6 - (2 + 8 + -3)) + 1.
0
What is the value of 3 - ((3 - 9) + 5 - -3)?
1
Evaluate -8 - -6 - (-1 - (-2 - -6)).
3
What is the value of (3 - 1) + -6 + 5?
1
(1 - 2) + 30 + -25
4
Evaluate 5 + -1 + -53 + 45.
-4
-4 + 15 + (1 - 5)
7
Calculate (-3 + 6 - (3 - -2)) + 4.
2
Evaluate 4 + 1 + -6 + 3.
2
-2 + -1 + 5 + (-18 - -11)
-5
Evaluate (-3 - 3) + -8 + 15.
1
Calculate -2 + (-9 - -3 - -5).
-3
Calculate 2 + -7 - (1 + -8).
2
Calculate (-17 - -16) + (3 - (0 - -3)).
-1
What is the value of (-11 - (9 + -7)) + 22?
9
What is 60 + -71 - (-8 + 0)?
-3
What is 5 + -5 + 3 - (3 + 2)?
-2
2 + -13 - (11 - 12 - 3)
-7
What is 0 + 3 + -5 - (4 + -6)?
0
Evaluate -35 + 29 + 9 + -3 + 2.
2
(-2 + -2 - -16) + -4
8
Evaluate 7 + (-7 - 8 - 5) - -6.
-7
Evaluate (0 - (5 - 3)) + 2 + -3.
-3
What is 3 - (6 - (1 - -5))?
3
What is (0 - -9) + 4 - 23?
-10
What is the value of -15 + 15 + (-2 - 0)?
-2
What is (0 - -5 - 7) + -6?
-8
Calculate (-1 + -1 - 1) + 1 + 3.
1
What is the value of -11 + -21 + 14 + 12?
-6
What is the value of 5 - 13 - (3 + -5)?
-6
What is (60 - 76) + -2 + 8 + 1?
-9
What is -3 + 0 - (2 - (5 + 0))?
0
(-26 - -21) + 1 + 0
-4
What is the value of -11 - (3 + 8 + -18)?
-4
Evaluate 3 - 11 - (-23 + 21).
-6
What is the value of -1 + (0 - -2) + -8 + 2?
-5
5 + 6 - (10 + 3 + -8)
6
What is -1 + (-2 + 9 - (6 + -1))?
1
Evaluate -6 + -2 - 2 - -10.
0
79 + -82 - (-11 + 2)
6
Evaluate -1 + (1 - -4) - 7.
-3
What is the value of -7 + 6 + 0 + 6?
5
What is the value of 3 - (0 + (-4 - -4) + 3)?
0
3 - 1 - (-10 + 14 + -9)
7
Evaluate 5 + (-4 - -8 - 5).
4
What is -3 + 4 - (-4 - -1)?
4
Evaluate 0 + 8 + (-13 - (-7 + -3)).
5
-1 + -2 + -3 + 8
2
Evaluate -4 + (0 + -4 - -5) + -1.
-4
What is the value of 0 + -4 + 4 + 4?
4
What is the value of 8 - (11 + (-13 - -6))?
4
Calculate -2 + -3 + -2 + 1.
-6
Calculate (0 - 6) + 4 + (-1 - 2).
-5
Calculate (-11 - -8) + (3 - -9).
9
What is the value of -6 - (-1 + 2 - 10)?
3
24 - 26 - (8 - 2)
-8
What is 3 - (-3 + 2) - 10?
-6
Evaluate -8 + (12 - 4) - (-2 - -9).
-7
9 + -1 + (46 - 49)
5
0 + 6 + -2 - 1
3
What is the value of 2 + -8 + (0 - 2)?
-8
What is (3 - 13) + -1 + 16?
5
What is -1 + 5 + -1 + 2?
5
What is the value of (-5 - -5) + 3 + -5 + -3?
-5
What is the value of -3 - 2 - (-8 + 8)?
-5
What is the value of 3 - (18 + -4 + -8)?
-3
What is the value of -9 + 2 + (-4 - -10)?
-1
1 + (-5 - (-3 + 4 + -5))
0
What is 4 - (2 - -1) - -1?
2
-1 - ((7 - (11 - -2)) + 12)
-7
Calculate 2 - 11 - (-46 + 45).
-8
What is (1 - 0) + 2 + 1?
4
What is the value of 5 - -1 - -1 - 1 - -1?
7
Calculate -10 - -26 - 7 - 3.
6
What is 27 - 26 - (-2 - -1)?
2
Evaluate 11 - 0 - (17 - 10).
4
Evaluate 80 - 77 - (-2 + -2).
7
What is (-2 - (-11 + (6 - 2))) + -4?
1
-4 + 2 + (-5 - -9) - 6
-4
Evaluate 7 + 4 + -5 + -4.
2
Calculate 2 + -5 - (3 + -5 + 0).
-1
Evaluate -3 - (-21 - (-14 - -6)).
10
-6 - (-44 + 29 + -2 + 4)
7
What is (3 - 2) + -2 + -1 + -3?
-5
Evaluate 7 + -2 - (-4 - (-8 - -2)).
3
Calculate 2 + (-6 - -1) + -2.
-5
Calculate 4 + (-1 - 2) + (-2 - 2).
-3
Calculate -12 - (-3 - (17 - 7)).
1
What is 8 + -9 + -8 - -9?
0
What is the value of -5 + -9 + 14 + -5?
-5
Calculate 0 + -5 - -3 - (-2 + -3).
3
What is -1 + -2 + (2 - 3)?
-4
What is the value of (3 - 0) + 1 - 9?
-5
What is -2 - (3 - (1 - 1))?
-5
What is the value of -5 + (-1 - -9) - 11?
-8
What is 0 - -8 - (-3 - (-14 - 3))?
-6
2 + 0 + (0 - 3)
-1
What is -2 + -2 + -1 - (-1 + -5)?
1
Calculate -4 + (2 - 3) - (-2 + 0).
-3
What is the value of 8 + 10 + 2 + -25?
-5
Evaluate 1 - -1 - (-1 + 1 - 3).
5
-4 + (3 + -6 - -3) + 9
5
What is the value of 2 - 1 - 9 - -3?
-5
0 + 3 - (1 - 4) - 4
2
What is -2 + -2 + 6 + -1 - 3?
-2
Evaluate -10 - -5 - (2 - 7).
0
1 - (-5 + 0 - -3)
3
(4 - (5 - (0 + 4))) + -2
1
What is -4 - 0 - ((4 - 1) + -10)?
3
What is 3 + -8 + 6 - (-2 - 0)?
3
Calculate -1 + (-4 + 7 + -1 - 0).
1
What is the value of -3 - (5 + -5 + 1 + -2)?
-2
What is the value of -1 + 13 + (-55 - -53)?
10
Evaluate -3 + -2 - -7 - (3 + -8).
7
What is -4 - -1 - -5 - 4?
-2
What is (99 - 107) + 0 + 11?
3
0 - -2 - (9 - 11)
4
Evaluate -8 + 6 + 7 - 11.
-6
What is -4 - -2 - (0 + 4)?
-6
What is the value of -3 + 5 + -1 + -4 - 6?
-9
What is the value of -3 - (3 - (-4 + 12))?
2
Evaluate 4 - (5 + 2) - (-3 - -4).
-4
What is the value of (-3 - (0 + -4) - 2) + -6?
-7
9 + (0 - 5 - -1)
5
Calculate 1 + -6 - (3 + -12).
4
Calculate 5 + (9 - 6) + -8.
0
10 + -6 + -1 + (-2 - -6)
7
0 + (-4 - 1) + 3 + 4
2
Evaluate 203 - 208 - (-1 - 8).
4
What is (13 - 21 - -15) + -11?
-4
(14 - 2 - 4) + -3 - 5
0
What is 4 + -2 + -4 + -3 + 9?
4
12 + (-18 - -4) - (-1 + 1)
-2
Calculate -7 + -3 + (1 - -4) - -2.
-3
Calculate (2 - -3) + -1 + -11.
-7
Evaluate -11 + 4 + 3 + -1.
-5
Evaluate -9 + 3 - 3 - -6.
-3
Calculate (-2 - 0) + -3 + 3 + 1.
-1
Evaluate -2 + 2 + (-2 - 3) + 4.
-1
What is -8 - -2 - (-8 - (-10 + 4))?
-4
What is -3 - (-4 - (-1 + -1 + 1))?
0
Calculate -10 - (-18 + 9 + 6).
-7
What is the value of 6 + 15 + -11 + -13?
-3
Calculate 